522?
2
What is the units digit of 1150?
0
What is the ten thousands digit of 30473?
3
What is the units digit of 730?
0
What is the hundreds digit of 71665?
6
What is the thousands digit of 3526?
3
What is the hundreds digit of 1203?
2
What is the units digit of 5695?
5
What is the thousands digit of 3740?
3
What is the tens digit of 72993?
9
What is the units digit of 1414?
4
What is the hundreds digit of 6213?
2
What is the hundreds digit of 799?
7
What is the units digit of 358?
8
What is the thousands digit of 27700?
7
What is the tens digit of 8294?
9
What is the thousands digit of 3373?
3
What is the hundreds digit of 18660?
6
What is the thousands digit of 5262?
5
What is the tens digit of 1347?
4
What is the ten thousands digit of 10681?
1
What is the units digit of 2627?
7
What is the hundreds digit of 111220?
2
What is the tens digit of 10725?
2
What is the thousands digit of 4456?
4
What is the units digit of 75?
5
What is the units digit of 79199?
9
What is the ten thousands digit of 45816?
4
What is the tens digit of 2559?
5
What is the thousands digit of 48262?
8
What is the hundreds digit of 23673?
6
What is the thousands digit of 92488?
2
What is the tens digit of 3762?
6
What is the ten thousands digit of 54198?
5
What is the hundreds digit of 62574?
5
What is the hundreds digit of 14191?
1
What is the units digit of 281?
1
What is the thousands digit of 16365?
6
What is the ten thousands digit of 11845?
1
What is the ten thousands digit of 20755?
2
What is the units digit of 11964?
4
What is the units digit of 532?
2
What is the tens digit of 80661?
6
What is the thousands digit of 51629?
1
What is the thousands digit of 33055?
3
What is the tens digit of 6223?
2
What is the thousands digit of 1721?
1
What is the thousands digit of 31322?
1
What is the units digit of 32?
2
What is the tens digit of 20595?
9
What is the units digit of 112?
2
What is the units digit of 1195?
5
What is the ten thousands digit of 10425?
1
What is the hundreds digit of 45559?
5
What is the tens digit of 7986?
8
What is the tens digit of 128480?
8
What is the hundreds digit of 1597?
5
What is the units digit of 1606?
6
What is the ten thousands digit of 11566?
1
What is the thousands digit of 11709?
1
What is the units digit of 2171?
1
What is the tens digit of 103356?
5
What is the ten thousands digit of 20139?
2
What is the hundreds digit of 32012?
0
What is the hundreds digit of 2536?
5
What is the units digit of 27711?
1
What is the hundreds digit of 1239?
2
What is the tens digit of 1041?
4
What is the thousands digit of 84122?
4
What is the units digit of 6378?
8
What is the tens digit of 41505?
0
What is the thousands digit of 60056?
0
What is the thousands digit of 24993?
4
What is the units digit of 48872?
2
What is the tens digit of 749?
4
What is the thousands digit of 1184?
1
What is the hundreds digit of 121?
1
What is the thousands digit of 2373?
2
What is the hundreds digit of 46552?
5
What is the units digit of 19513?
3
What is the tens digit of 18005?
0
What is the thousands digit of 11091?
1
What is the hundreds digit of 9937?
9
What is the units digit of 47928?
8
What is the tens digit of 30319?
1
What is the hundreds digit of 441?
4
What is the units digit of 4643?
3
What is the tens digit of 10832?
3
What is the tens digit of 2995?
9
What is the units digit of 3101?
1
What is the units digit of 1771?
1
What is the thousands digit of 90174?
0
What is the hundreds digit of 1171?
1
What is the hundreds digit of 818?
8
What is the units digit of 11809?
9
What is the tens digit of 2267?
6
What is the units digit of 170?
0
What is the hundreds digit of 4833?
8
What is the thousands digit of 28654?
8
What is the tens digit of 71283?
8
What is the hundred thousands digit of 117447?
1
What is the thousands digit of 150442?
0
What is the units digit of 3087?
7
What is the tens digit of 55808?
0
What is the tens digit of 7040?
4
What is the hundreds digit of 1004?
0
What is the tens digit of 1821?
2
What is the units digit of 476?
6
What is the thousands digit of 2576?
2
What is the ten thousands digit of 34871?
3
What is the tens digit of 950?
5
What is the tens digit of 11089?
8
What is the thousands digit of 25448?
5
What is the thousands digit of 2787?
2
What is the hundreds digit of 22718?
7
What is the tens digit of 559?
5
What is the hundreds digit of 2107?
1
What is the ten thousands digit of 72562?
7
What is the hundreds digit of 125?
1
What is the units digit of 836?
6
What is the hundreds digit of 353?
3
What is the thousands digit of 2595?
2
What is the ten thousands digit of 12155?
1
What is the hundreds digit of 263?
2
What is the ten thousands digit of 27357?
2
What is the hundreds digit of 2025?
0
What is the tens digit of 380?
8
What is the units digit of 283?
3
What is the ten thousands digit of 52536?
5
What is the tens digit of 68269?
6
What is the thousands digit of 6892?
6
What is the thousands digit of 4486?
4
What is the ten thousands digit of 28479?
2
What is the units digit of 1183?
3
What is the units digit of 2917?
7
What is the thousands digit of 8321?
8
What is the ten thousands digit of 80462?
8
What is the units digit of 1137?
7
What is the hundreds digit of 135?
1
What is the hundreds digit of 236?
2
What is the units digit of 18116?
6
What is the units digit of 2670?
0
What is the hundreds digit of 12562?
5
What is the units digit of 6802?
2
What is the hundreds digit of 13503?
5
What is the units digit of 312?
2
What is the ten thousands digit of 12489?
1
What is the tens digit of 29791?
9
What is the hundreds digit of 1668?
6
What is the ten thousands digit of 12467?
1
What is the tens digit of 877?
7
What is the units digit of 14986?
6
What is the tens digit of 51782?
8
What is the tens digit of 738?
3
What is the hundreds digit of 9801?
8
What is the units digit of 6177?
7
What is the units digit of 7613?
3
What is the tens digit of 4767?
6
What is the units digit of 19407?
7
What is the hundreds digit of 12239?
2
What is the ten thousands digit of 73225?
7
What is the ten thousands digit of 20124?
2
What is the hundreds digit of 672?
6
What is the hundreds digit of 10231?
2
What is the units digit of 891?
1
What is the thousands digit of 5602?
5
What is the tens digit of 40132?
3
What is the units digit of 3463?
3
What is the hundreds digit of 1167?
1
What is the ten thousands digit of 15010?
1
What is the thousands digit of 8322?
8
What is the tens digit of 326?
2
What is the tens digit of 75953?
5
What is the tens digit of 3627?
2
What is the thousands digit of 12537?
2
What is the hundreds digit of 8179?
1
What is the units digit of 15792?
2
What is the units digit of 2013?
3
What is the tens digit of 64857?
5
What is the tens digit of 7036?
3
What is the units digit of 2390?
0
What is the thousands digit of 6541?
6
What is the thousands digit of 7590?
7
What is the thousands digit of 2710?
2
What is the thousands digit of 56213?
6
What is the hundreds digit of 18225?
2
What is the tens digit of 2720?
2
What is the units digit of 20015?
5
What is the thousands digit of 2372?
2
What is the tens digit of 9744?
4
What is the tens digit of 86868?
6
What is the hundreds digit of 3084?
0
What is the units digit of 3733?
3
What is the ten thousands digit of 66642?
6
What is the tens digit of 28246?
4
What is the units digit of 1411?
1
What is the units digit of 3393?
3
What is the units digit of 4394?
4
What is the thousands digit of 12571?
2
What is the hundreds digit of 33392?
3
What is the tens digit of 360?
6
What is the thousands digit of 79957?
9
What is the units digit of 12587?
7
What is the units digit of 3228?
8
What is the thousands digit of 55974?
5
What is the thousands digit of 1459?
1
What is the tens digit of 75?
7
What is the hundreds digit of 11031?
0
What is the hundreds digit of 11096?
0
What is the hundreds digit of 6904?
9
What is the thousands digit of 8974?
8
What is the tens digit of 46341?
4
What is the tens digit of 7970?
7
What is the hundreds digit of 9708?
7
What is the tens digit of 20614?
1
What is the thousands digit of 4203?
4
What is the ten thousands digit of 85310?
8
What is the thousands digit of 36770?
6
What is the units digit of 3212?
2
What is the tens digit